 -q**2 + q + 4. Let b be s(0). Suppose b*v = v + 15. Let m(g) = 36*g**2 + g. Let k be m(-1). What is the greatest common divisor of v and k?
5
Suppose -8*x + 12*x - 68 = 0. Calculate the highest common factor of x and 51.
17
Suppose 0*x = -2*x + 18. Let t = 116 - 35. What is the greatest common divisor of x and t?
9
Let v = 36 - 12. Suppose -3*r + v = -2*r. What is the highest common factor of r and 12?
12
Let k be 0 - 2 - -1*320. Suppose -5*v + 82 = -k. Let m(w) = -5*w**3 - w**2 + 3*w + 2. Let f be m(-2). Calculate the highest common factor of f and v.
16
Let w = 56 + 36. Calculate the greatest common divisor of 23 and w.
23
Let x = -150 + 231. Suppose -c = 2*c - x. Suppose d - c = -2*d. What is the greatest common factor of d and 18?
9
Let d = 663 - -1099. Let p be d/4 + 9/(-6). Suppose 114 = -5*j + p. Calculate the highest common divisor of j and 13.
13
Let o(h) = h**2 + 9*h - 4. Let x be o(-10). Calculate the highest common factor of 66 and x.
6
Let g = -11 + 14. Calculate the greatest common divisor of g and 27.
3
Suppose 0 = -5*k - 2*t + 336, 6*k - 2*k - 274 = t. Let j(l) = -l**3 + 9*l**2 + 21*l + 28. Let g be j(11). What is the highest common divisor of g and k?
17
Let m(u) = u + 23. Let v be m(-7). What is the highest common divisor of 16 and v?
16
Suppose -6*b - 3*b + 108 = 0. What is the highest common divisor of b and 36?
12
Let v be -3 + (-4 - -3 - -4). Suppose 3 = 3*n - v. Let u = -5 + 7. What is the greatest common factor of n and u?
1
Let h(v) = v**3 + 12*v**2 - 11*v + 34. Let d be h(-13). Let g be (1 - 0) + (86 - -1). What is the greatest common factor of d and g?
8
Let q = 6 - 0. What is the highest common factor of 27 and q?
3
Let q(a) = 1 + 0 + a + 7 + a**3. Let x be q(0). Let m(f) = f**2 - 2*f. Let o be m(-8). Calculate the greatest common divisor of o and x.
8
Suppose -2*v + 56 = -v + 4*l, l = 3. Suppose -3*p + 49 - 16 = 0. What is the highest common factor of v and p?
11
Suppose -3*d + 844 = 5*o - 2*d, -o = -4*d - 152. What is the highest common divisor of o and 24?
24
Let r be 5*(-4 - (-2 + -5)). What is the greatest common factor of 15 and r?
15
Let c = -87 + 110. What is the greatest common divisor of c and 115?
23
Suppose -u - 54 = -5*g + 2*u, 0 = -3*g + u + 30. Let m be (g/15)/(2/70). Calculate the highest common factor of m and 189.
21
Let r = 3 - 1. Let s = 433 + -157. Suppose s = 4*d - 2*o, -o - r*o = -d + 64. What is the greatest common factor of d and 14?
14
Let l be 20/(-12) + (-2)/6. Let a be 10 - ((l - 0) + 0). Calculate the highest common factor of 6 and a.
6
Let z = 23 + 9. What is the greatest common factor of z and 160?
32
Suppose 0 = -5*w - 0*w + 20, -2*v + 4*w = 8. Suppose v*z + 888 = 5*q, -q + 2 + 190 = 4*z. Calculate the highest common divisor of q and 20.
20
Let a(b) = -b**2 + 7*b - 7. Let x be a(6). Let z be (-2*6)/(0 + x). What is the greatest common factor of z and 48?
12
Let f(s) = -s + 6. Let b be f(5). Let h be (-710)/(-5) - (b - -1). Calculate the highest common divisor of h and 28.
28
Suppose -5*f + 0 = -80. Suppose 0*j - 4 = -j. Calculate the highest common divisor of j and f.
4
Let y be (-27)/162 + 1922/12. Calculate the highest common factor of 32 and y.
32
Let c be 0 + 165*(-4)/(-4). Calculate the greatest common divisor of c and 15.
15
Let u = 17 - 14. Let c be ((-42)/u)/((-2)/3). What is the highest common factor of c and 231?
21
Let w(d) = 9*d**2 - 6*d + 2. Let p be w(4). Let t = p + -47. Let b = 105 - 75. Calculate the greatest common factor of t and b.
15
Let n(f) = -4*f + 15. Let v be n(3). Calculate the greatest common divisor of v and 39.
3
Let w = 21 + -11. What is the greatest common factor of w and 90?
10
Suppose 5*q + 5 - 20 = -3*t, q - 10 = -2*t. Suppose 4*p - 58 - 38 = q. Calculate the greatest common divisor of p and 12.
12
Let p(u) = 4*u**2 + 5 - u**3 + 3*u**3 - 3*u**3. Let c be p(4). Calculate the highest common factor of c and 5.
5
Let v be (4/2 + 3)/1. Suppose -2*x + 0 - 3 = 5*t, -x + 36 = -v*t. Let q = 17 + -16. What is the highest common factor of q and x?
1
Let v = -7 - -14. Calculate the greatest common divisor of v and 21.
7
Let n be (-10)/5*-29 + -4. Calculate the highest common divisor of 18 and n.
18
Let l be 18 + -8 + 5 + 1. Suppose 3*f = -2*f + 200. Calculate the highest common factor of l and f.
8
Suppose 0*n + 180 = 3*n. Let p = -37 + n. Let q = 483 + -276. Calculate the greatest common factor of p and q.
23
Suppose f = -0*f + 17. What is the highest common divisor of 51 and f?
17
Suppose 4*h - 15 = 17. Suppose 4*b = 5*c + 175, -5*c + 59 = 2*b - 6. Calculate the highest common divisor of b and h.
8
Suppose 0 = -5*y + c + 8, -5*y = -10*y - 2*c + 14. Let u(m) = m**3 + m**2 + m - 1. Let z be u(1). Calculate the greatest common factor of z and y.
2
Suppose 2*j + 0*j - 4 = 0, 5*j = 5*p - 15. Let f = -127 - -182. What is the greatest common divisor of f and p?
5
Suppose r - 15 = -5*m - 5, m - 2 = -r. Suppose r = 3*f + f - 20. Suppose -5*w = -g + 11 + f, -4*g = 2*w - 42. Calculate the highest common factor of 22 and g.
11
Let r = -97 - -127. Suppose -c + 0*c = 19. Let g be 2/(-3)*(c - -1). What is the greatest common factor of g and r?
6
Let n be 0 - -9*(-4)/(-3). Let b be ((-4)/5)/((-1)/5). Suppose -31 = -m - 3*m + 3*u, -b*u = 5*m. What is the greatest common divisor of m and n?
4
Let l = -115 + 185. Calculate the greatest common factor of l and 28.
14
Suppose -4 = 2*b + 3*q, 2*q - 5 + 1 = -3*b. Calculate the greatest common factor of b and 28.
4
Let w(q) = -9*q**2 + 2*q + 5. Let d be w(5). Let t = d - -327. Calculate the highest common divisor of t and 13.
13
Suppose -3*t + 4*h = -19, -3*h - 1 - 2 = 0. Suppose 220 = t*q - q. Calculate the highest common divisor of q and 5.
5
Let d be 83/6 + (-2)/(-12). Calculate the greatest common divisor of 7 and d.
7
Suppose 1453 + 2019 = 4*b. Suppose -692 = -4*z + o + 3*o, 5*z - b = 2*o. Let n be 1 - 2/((-4)/z). What is the greatest common factor of n and 8?
8
Let u(i) = 29*i**2 - 2*i + 1. Suppose 0 = 2*d - 2*p + 3 + 1, -4*p = -12. Let z be u(d). What is the highest common factor of 7 and z?
7
Suppose 4*k = 9 + 15. Calculate the highest common divisor of 39 and k.
3
Let h = 7 - 3. Suppose h*f - 20 = -f. What is the greatest common factor of 28 and f?
4
Let g be (1 + 47)/((-21)/(-14)). What is the greatest common factor of g and 128?
32
Suppose -24 - 8 = 2*l. Let p = 24 + l. What is the highest common divisor of 12 and p?
4
Suppose 970 - 90 = 5*v. Calculate the greatest common factor of v and 16.
16
Suppose 2 = f - 6. Suppose 2*n - n = 0. Suppose 2*r - 18 - 14 = n. Calculate the highest common divisor of r and f.
8
Suppose 2*p - 2 = -8. Let s(f) = -f + 4. Let j be s(p). What is the highest common factor of j and 56?
7
Let o(z) = 3*z - 4*z + 4*z - 13. Let s be o(10). Suppose -s = -3*t + 2*t. What is the highest common divisor of t and 17?
17
Let j be 12/(-18) - 11/(-3). Suppose g - j*g = -80. Calculate the highest common factor of 20 and g.
20
Suppose -y + 66 - 277 = -3*r, 2*r + 4*y = 150. Let m = r + -7. Suppose -2*w = -m - 26. What is the greatest common divisor of w and 5?
5
Let r be (1/(1/18))/(-2). Let i(v) = -v**3 - 9*v**2 + 2. Let y be i(r). What is the greatest common divisor of y and 22?
2
Let t = 4 - 1. Suppose t*s - b - 14 = 0, -b - 25 = 4*b. Calculate the highest common divisor of 9 and s.
3
Let r(t) = 7*t**2 + 6*t + 3. Let i be r(-4). Let f = 46 - i. Let y be (-5)/20 - f/4. What is the highest common factor of y and 1?
1
Let h(p) = 2*p**3 - 6*p**2 - 4*p - 7. Let n be h(7). Let s be (-2)/(-8) + n/28. Calculate the highest common factor of s and 13.
13
Let s(b) = b - 1. Let a = -11 + 23. Let v be s(a). Calculate the highest common factor of 22 and v.
11
Suppose i = 5*b + 22, -3*i + 2*b + 98 = 6. Calculate the highest common divisor of 352 and i.
32
Let h(c) = 66*c**2 + c. Suppose -2*a + 0 = -12. Suppose x - 1 = 2*d + 2*d, 0 = -2*x - a. Let z be h(d). What is the highest common divisor of z and 26?
13
Let g be 80/6*9/(-6)*-9. What is the greatest common factor of 12 and g?
12
Let w(l) = l - 6. Let c be w(6). Let y be (c + 2)/(1/5). Suppose 2*s = -4*v + v + 8, -4*v + 14 = 3*s. Calculate the greatest common factor of s and y.
10
Let b be (12/(-10) + -2)*(2 - 27). Calculate the highest common divisor of 16 and b.
16